 prime?
True
Is 464563919 composite?
False
Is 301026787 composite?
False
Is 746864081 prime?
False
Is 783213359 composite?
False
Is 707167 prime?
False
Is 2453233 composite?
False
Is 1133381 composite?
False
Is 89753 a prime number?
True
Is 71898059 prime?
True
Is 1342927 a prime number?
False
Is 9111853 composite?
False
Is 8560787 prime?
True
Is 51789703 prime?
False
Is 225464765 prime?
False
Is 16112519 a composite number?
False
Is 14260969 prime?
True
Is 6199393 composite?
True
Is 2387821 composite?
False
Is 191824151 prime?
False
Is 56896447 prime?
True
Is 88679831 a composite number?
True
Is 459787843 a prime number?
True
Is 15580813 a composite number?
False
Is 54113699 a composite number?
False
Is 84428563 prime?
True
Is 10720357 composite?
False
Is 4236971 prime?
True
Is 2619481 a prime number?
True
Is 14178421 a prime number?
True
Is 4492529 a composite number?
False
Is 5385131 prime?
True
Is 5636593 a prime number?
True
Is 88634681 prime?
False
Is 96696785 a prime number?
False
Is 14596493 a prime number?
True
Is 3627021 a prime number?
False
Is 212346737 a composite number?
True
Is 92424543 composite?
True
Is 31938469 a prime number?
True
Is 4781489 a composite number?
False
Is 88766641 a composite number?
True
Is 1933511 composite?
False
Is 307789553 prime?
False
Is 2465467 a composite number?
False
Is 295093 a composite number?
True
Is 4029563 composite?
False
Is 14944669 prime?
True
Is 8742091 prime?
False
Is 655359137 prime?
True
Is 70583641 a prime number?
True
Is 92805641 composite?
False
Is 30707311 a composite number?
True
Is 132025447 composite?
False
Is 5687633 prime?
False
Is 89214707 prime?
True
Is 209559557 a composite number?
False
Is 613292653 a prime number?
True
Is 65699851 composite?
True
Is 39067 a composite number?
True
Is 328128739 prime?
False
Is 9746113 prime?
False
Is 13626581 composite?
True
Is 159534397 prime?
False
Is 61032379 prime?
True
Is 37563341 composite?
False
Is 137694229 a prime number?
False
Is 60461399 prime?
False
Is 714317547 composite?
True
Is 4824305 composite?
True
Is 42546157 a prime number?
False
Is 745709 composite?
False
Is 91012687 composite?
False
Is 74747213 a prime number?
False
Is 7619377 a prime number?
True
Is 169647817 prime?
True
Is 8005553 prime?
False
Is 22260829 a composite number?
True
Is 274579 a prime number?
True
Is 73950709 a prime number?
False
Is 16410293 a composite number?
True
Is 88189289 a prime number?
True
Is 4386929 composite?
True
Is 22589621 a composite number?
True
Is 47941763 a prime number?
True
Is 26958658 a composite number?
True
Is 9455681 composite?
False
Is 10646791 composite?
True
Is 11228471 composite?
True
Is 936827 composite?
False
Is 201371 composite?
True
Is 462642847 a prime number?
True
Is 622693 a composite number?
True
Is 16802011 prime?
True
Is 2298235 a composite number?
True
Is 697273133 composite?
False
Is 19910771 a composite number?
False
Is 5612797 composite?
True
Is 26993803 a prime number?
True
Is 12872569 a prime number?
True
Is 1036435 composite?
True
Is 27677213 a composite number?
True
Is 3194593 a composite number?
False
Is 2680661 composite?
False
Is 63670697 prime?
True
Is 53061397 composite?
False
Is 61448721 a composite number?
True
Is 89274077 prime?
True
Is 7268327 prime?
False
Is 2216723 a prime number?
False
Is 9121769 a composite number?
False
Is 5717383 a composite number?
True
Is 221101 composite?
False
Is 24278339 a composite number?
False
Is 66180769 a composite number?
True
Is 21459643 a prime number?
True
Is 192151873 composite?
False
Is 3104071 composite?
False
Is 6460687 prime?
True
Is 11718299 prime?
False
Is 2733697 a prime number?
True
Is 61992703 prime?
False
Is 309809543 a prime number?
True
Is 274006981 composite?
True
Is 4008689 prime?
True
Is 46144537 a composite number?
False
Is 2397679 prime?
False
Is 67899917 a composite number?
False
Is 4468411 prime?
False
Is 512275417 composite?
False
Is 242057 prime?
True
Is 4091239 a prime number?
True
Is 4899371 composite?
False
Is 126879043 composite?
False
Is 60461801 prime?
True
Is 86909699 a composite number?
True
Is 848149 a prime number?
True
Is 117482669 a composite number?
False
Is 31676131 a prime number?
False
Is 502070527 composite?
True
Is 1340549 a composite number?
True
Is 45237266 composite?
True
Is 240568997 prime?
True
Is 211 composite?
False
Is 1220781043 a composite number?
False
Is 40829989 composite?
False
Is 103974253 a prime number?
True
Is 29234267 a prime number?
True
Is 25312862 composite?
True
Is 1020599 prime?
True
Is 407891359 composite?
True
Is 37232677 a composite number?
False
Is 103356481 a prime number?
False
Is 1068191 prime?
True
Is 50050393 prime?
True
Is 2634607 a prime number?
True
Is 3954053 composite?
False
Is 4682199 a composite number?
True
Is 36545693 composite?
True
Is 3735847 a composite number?
False
Is 637791673 prime?
False
Is 6420506 a composite number?
True
Is 363338299 a prime number?
True
Is 3988961 prime?
True
Is 13093481 prime?
False
Is 6874423 composite?
False
Is 102241885 prime?
False
Is 55416289 prime?
True
Is 1221301 prime?
False
Is 2625323 prime?
False
Is 3306187 a composite number?
True
Is 10621477 prime?
True
Is 15482993 composite?
False
Is 6890439 prime?
False
Is 97427221 prime?
False
Is 14085033 composite?
True
Is 10379869 a composite number?
True
Is 11478767 a composite number?
False
Is 317143 prime?
False
Is 765227 composite?
False
Is 57868997 composite?
True
Is 18991937 composite?
False
Is 227799361 a prime number?
True
Is 7964293 a prime number?
False
Is 482585 prime?
False
Is 537214 composite?
True
Is 18968861 prime?
True
Is 1222633 a prime number?
True
Is 343641 a prime number?
False
Is 5651369 a composite number?
False
Is 1565999 a prime number?
False
Is 1878991 prime?
True
Is 76999915 composite?
True
Is 23118517 prime?
True
Is 271163 composite?
False
Is 4496432711 composite?
False
Is 247873 a prime number?
True
Is 123416927 composite?
False
Is 163549 prime?
False
Is 24608993 a composite number?
True
Is 13973423 prime?
True
Is 29870395 a composite number?
True
Is 522919 composite?
False
Is 2226547 composite?
False
Is 609258607 a prime number?
True
Is 36860059 prime?
True
Is 5353339 composite?
False
Is 19510277 prime?
True
Is 9988973 a composite number?
False
Is 20654819 prime?
True
Is 611089 a prime number?
False
Is 391789 composite?
False
Is 139075897 a prime number?
True
Is 64966799 composite?
False
Is 177151279 composite?
False
Is 182615617 prime?
True
Is 9737621 a composite number?
False
Is 6581909 a prime number?
True
Is 120585119 a composite number?
False
Is 24217162 composite?
True
Is 8033491 a composite number?
False
Is 5071453 composite?
False
Is 34512631 prime?
False
Is 43938283 a composite number?
True
Is 31464883 composite?
False
Is 34538213 a composite number?
False
Is 184695703 a prime number?
True
Is 25261579 composite?
True
Is 777744221 composite?
False
Is 4676687 a composite number?
True
Is 3716003 prime?
False
Is 14739863 a composite number?
False
Is 4889107 a composite number?
True
Is 2606221 a prime number?
True
Is 7729927 composite?
True
Is 186083 a composite number?
True
Is 3661051 a prime number?
False
Is 56237 a composite number?
False
Is 29161859 a prime number?
True
Is 520776929 prime?
False
Is 231106787 a composite number?
False
Is 37331381 prime?
False
Is 2142163 a composite number?
False
Is 11781587 prime?
False
Is 227430383 a composite number?
True
Is 15595189 prime?
False
Is 657071 a composite number?
False
Is 1212877 composite?
False
Is 9981121 prime?
True
Is 89746361 composite?
True
Is 24399703 a prime number?
False
Is 671554617 a composite number?
True
Is 169649189 composite?
False
Is 3968323 composite?
False
Is 1134137 composite?
False
Is 3132007 composite?
False
Is 58074341 a prime number?
False
Is 164081011 a composite number?
True
Is 37626613 a prime number?
True
Is 119677253 a composite number?
True
Is 1423039 a prime number?
True
Is 609943 composite?
True
Is 2120107 a prime number?
False
Is 881607719 composite?
False
Is 77309 composite?
True
Is 10219603 composite?
True
Is 685177417 a composite number?
False
Is 7651393 composite?
True
Is 2015701 composite?
False
Is 76736279 prime?
False
Is 47193239 prime?
True
Is 13439869 prime?
True
Is 40506221 a 